 l(m) = -6 + s + 4*m - 8 + 12. Let b be 2/(-3)*-1*3. Give l(b).
6
Let h(p) be the first derivative of -2*p + p**2 - 1/4*p**4 + 5/3*p**3 - 1. Determine h(5).
8
Let d(i) = -3*i - 8. Let w(p) be the second derivative of -p**3/6 - p**2/2 - 3*p. Let n(a) = d(a) - 2*w(a). What is n(-3)?
-3
Let o = 8 - 3. Let g(c) = c**2 - 4*c + 1. Determine g(o).
6
Let y(j) = -6 - 3*j - j**2 + 9 - 6. Let u be 4*((-6)/4)/3. Calculate y(u).
-1
Let q(n) = n**2 + 4*n - 7. Let t be q(-5). Let s be (-2)/((-1)/(-5)*t). Let f(l) = -l + s*l + l. What is f(1)?
5
Suppose 3*k - 1 = -4. Suppose -2 = x - 4. Let b(r) = x*r**2 + 3 - 12*r**2 - 2. Calculate b(k).
-9
Let n(p) be the first derivative of -p**4/4 + 7*p**3/3 + 9*p**2/2 - 3*p - 3. Determine n(8).
5
Let g(j) = j**2 + 4*j - 3. Suppose 5*s + 76 = 3*t, -5*t - 46 = 2*s - t. Let n = s - -33. Suppose -4*h = 4*i + h + 36, 0 = 3*i + h + n. Give g(i).
-3
Let k(j) be the first derivative of j**4/4 + 2*j**3 + 3*j - 45. Give k(-6).
3
Let v(t) = t**2 - 11*t + 6*t**2 - t - 4. Let p(y) = y**2 - y - 1. Let a(h) = 6*p(h) - v(h). What is a(5)?
3
Suppose 5*g = 2*r + 2*r + 17, -21 = -3*r - 3*g. Let z(q) = q**2 + 4*q**2 + 5 - 2*q**r + 4*q - 2. Give z(-2).
7
Let r(y) be the first derivative of -y**4/4 + 3*y**3 - y**2/2 + 5*y - 2. What is r(9)?
-4
Let v(i) = 2 - 1 + 7*i - i**2 - 5. Let d(s) = s**2 - 5*s - 1. Let x be d(4). Let r = x - -10. Give v(r).
6
Let t(m) = 17*m**2 + 2*m + 1. Suppose -9*o + 8*o = 1. What is t(o)?
16
Let l(a) = a**3 + 8*a**2 + a + 2. Let c be l(-8). Let y(z) = 9 + 0 - 6*z**2 - 3 - z**3. Give y(c).
6
Let j(u) = -u**2 - 9*u - 2. Let q = 22 + -29. Determine j(q).
12
Let m(v) = v**2 + 4*v - 4. Suppose 2*w - 35 = -5*f, 4*f + 3*w - 12 - 9 = 0. Suppose -4*s - 3*n = -2*n + f, -6 = s + 4*n. Let q = -5 - s. Determine m(q).
-7
Let s be (-3 - (-5 + 3))/((-1)/(-3)). Let g(p) = 2*p - 2. Give g(s).
-8
Let f(a) = -a**3 - 3*a**2 + 4*a + 1. Suppose l - t = 4*l + 8, 2*l - 2*t = -16. Calculate f(l).
1
Let g(l) = l**2 - 3*l + 1. Let n be g(4). Suppose -3*d + 0 = -6. Let f(k) = 2*k - n*k - 2*k + 3 - 3*k**d + k**3. Determine f(4).
-1
Let m(p) = -3*p + 1. Let n be m(1). Let j = n + 3. Let x(v) be the first derivative of -v**3/3 + v**2 - v + 1. Give x(j).
0
Let v(f) = 11*f + 1. Let o(k) = k**3 - 11*k**2 + 9*k + 6. Let c be o(10). Let u be (1 - 0 - 0)*-3. Let t = c - u. Determine v(t).
-10
Let u(a) = a + 1. Let w(s) = 4*s + 3. Let z(p) = -7*u(p) + 2*w(p). Give z(5).
4
Let t(o) = 2 + 2*o - 11*o - 15. Let l(n) = 3*n + 4. Let p(c) = 7*l(c) + 2*t(c). Calculate p(-4).
-10
Let d = -18 - -18. Let i(w) = -w**3 + w**2 - w + 8. Give i(d).
8
Let s be 0/1 + 0 - -2. Let v(k) = 0 + 3*k**2 - 1 - 4*k**2 + s*k. Calculate v(3).
-4
Let x(f) = f**2 + 4*f - 5. Let c(d) = 2*d**2 + 20*d + 12. Let a be c(-9). Give x(a).
7
Let t = -9 - -8. Let h(x) = 33*x**2 - 7*x - 10. Let l(w) = 11*w**2 - 2*w - 3. Let p(c) = 2*h(c) - 7*l(c). What is p(t)?
-10
Let f(a) = a + 2. Let t be -6 + 3 - 1*-9. Suppose -2*j + t = -0*j. Determine f(j).
5
Suppose 10 = -4*y - 2. Let s = -2 + y. Let b(r) be the third derivative of r**6/120 + r**5/10 + 7*r**4/24 + r**3 - r**2. Give b(s).
-4
Suppose -6*h + 4*h - 5*j = 17, 5*j + 29 = h. Let d(n) = 2*n + n**2 - 1 - 2*n - 2*n. Calculate d(h).
7
Let k(o) = o + 1. Let d be -1 - ((-3)/1 + -1). Let x(h) = -h. Let g be x(-3). Suppose b - 2*b + g = -p, 0 = d*p - 4*b + 14. Give k(p).
3
Suppose 1 = 2*t + 2*r + 7, 2*r = -t - 4. Let u be t - (-8 + -1 + 3). Let c(n) be the third derivative of -n**4/24 - 6*n**2. Determine c(u).
-4
Let n(x) = x**2 - 4*x - 4. Suppose 2*m = 7*m - 15. Suppose -15 = -m*c + 3*q, 2*q + 29 = 5*c + q. Determine n(c).
8
Let f(h) = -h**3 + 4*h**2 + 6*h - 6. Let n(g) = -g**2 - 6*g + 5. Let r be n(-6). What is f(r)?
-1
Let b(o) = o**3 + 4*o**2 + 4*o + 4. Let a be b(-3). Let u(p) be the first derivative of -5*p**2/2 - p + 1. What is u(a)?
-6
Let o(d) = -d**3 + 4*d**2 - 4*d. Suppose r + 3*c = c, -2*r + 2*c + 6 = 0. Suppose 6 = u + j, 9 = 5*u - 4*j + r*j. Calculate o(u).
-3
Let t(n) = n**3 - 4*n**2 + 3*n + 3. Suppose 3 = 5*p - 3*f, -f = -3*p - 2*f + 13. Calculate t(p).
3
Suppose 72 = c + 11*c. Let q(v) = v**3 - 6*v**2 - v + 3. Determine q(c).
-3
Let a = -58 + 58. Let f(g) be the second derivative of -2*g + 0*g**2 + a + 2/3*g**3. Determine f(-1).
-4
Suppose 17 = 3*t + 2. Let p(n) = 36 + t*n - 36. Let v = 0 - 1. Give p(v).
-5
Let m(p) be the first derivative of -p**3/3 - p**2 + 2*p + 1. Suppose -4*d - 13 = -4*i + 5*i, -2*d = 3*i + 19. Give m(d).
2
Suppose -3*q + 6 = -6. Let o(s) = s**2 - 5*s. Calculate o(q).
-4
Suppose 0 = -5*x + 2*d - d + 1, -5*x = 4*d + 4. Suppose q + 5 + 0 = x. Let f(j) = -j - 2. Calculate f(q).
3
Let b(v) = -4*v - 10*v**2 + 5*v - 3*v**2. Calculate b(1).
-12
Let t(k) = k**3 - 9*k**2 + 2*k + 3. Suppose 0 = v - 6 - 9. Let c = 21 - v. Let p(q) = q**2 - 1. Let r(a) = c*p(a) + t(a). Give r(2).
-3
Let u be 6/(0 + 3 - 1). Let v(d) = -1 - 2*d + 2 - u - 3. Give v(-6).
7
Let h(p) = -p**2 + 2*p - 2. Suppose 0 = -y - 2*y - 24. Let v be 2/(-8) - 66/y. Suppose -2 = 3*n - v. Give h(n).
-2
Let i(t) = 2*t - 1. Let o be (0*4/8)/(-1). Suppose o = -0*g + 4*g + 4. What is i(g)?
-3
Suppose -12 = -4*r + 8*r + 4*a, 12 = -4*r + a. Let q(y) = -y + 1. What is q(r)?
4
Let n(x) be the first derivative of 8 + 1/2*x**2 + 1/3*x**3 - x. Give n(-3).
5
Suppose -3*d + 20 = 2. Suppose -5 = -4*u + 3. Let m(l) = l**2 + 7*l + 2*l**2 - u*l**3 + 0*l**2 + l**3 - d. Determine m(4).
6
Let o(j) = -j - 4. Let p = 4 - 4. What is o(p)?
-4
Let t(j) = 3*j**2 - 2*j + 2. Suppose 0*s - 2*y = 5*s - 33, s - 1 = y. Let a = s + -3. Calculate t(a).
10
Suppose 0 = 2*x - x. Suppose x = 5*i - 3*o + 21, -5*i + o = 4*o + 9. Let g(l) = l + 2. Determine g(i).
-1
Let i be 36/21 - 4/(-14). Let h(o) = 3*o + o**2 - i*o**2 + 2*o**2. Suppose 0 = 3*w - 15, -3*w + 3 = -2*v - 4*w. Calculate h(v).
4
Let g be -1 - (1 + -2*2). Let r be g/11 + 285/(-55). Let h(v) = -2*v - 7. Calculate h(r).
3
Let p be (7/(-2) - -4)*0. Let q(x) = -x**2 + x + 6. Let n be q(p). Let l(w) = -w**2 + 4*w + 5. Calculate l(n).
-7
Let f(s) be the third derivative of s**7/2520 + s**6/180 + s**5/24 + 5*s**4/24 - 4*s**2. Let t(q) be the second derivative of f(q). Calculate t(-4).
5
Let q(t) = t**2 - 25 + 7*t + 28 - 2*t + 2*t. Give q(-7).
3
Let y(w) = w**2 - w + 3. Let a(u) = -u. Let j(r) = -4*a(r) - y(r). Let t = 11 + -6. Determine j(t).
-3
Let r(h) = -5*h**2 + 6*h**2 + 4*h + 1 + 0. Give r(-5).
6
Let a(i) = i + 7. Let c(z) = 5*z. Let r be (8/16)/((-2)/4). Let p be c(r). Calculate a(p).
2
Suppose 0 = -5*b - 4 - 16. Let d be 8/6*6/b. Let j = d - 1. Let w(r) = -r**2 - 3*r + 3. Give w(j).
3
Let a(i) = -i**2 - 4*i - 6. Let l(w) = -w**2 - 5*w - 6. Let g(b) = 2*a(b) - 3*l(b). Calculate g(-8).
14
Let r(h) be the second derivative of -h**3/2 - h**2 + h. Let y = -139 + 136. Give r(y).
7
Let s(j) = 2*j + 81*j**2 - 78*j**2 - j**3 + 0*j**3 + 4 + 0*j**3. What is s(4)?
-4
Let u(b) = b. Let k(w) = -4*w. Let f(z) = -k(z) - 3*u(z). Suppose 115 = 17*q - 12*q. Let x = q - 23. What is f(x)?
0
Suppose -3*a + 5*s + 3 - 7 = 0, 0 = 3*a + 5*s + 14. Let g be 1 + a/((-1)/1). Let x(q) = -q + 6. Calculate x(g).
2
Let s = -9 - -8. Let l = -6 - s. Let d(z) = 3*z + 3. Determine d(l).
-12
Let x(i) = -2*i**3 + i**3 + 7 + 3*i - i - 8. Determine x(-2).
3
Let b(a) = -7*a + a**2 - 2*a**3 + 11*a + a**3 - 5 - 5*a**2. Give b(-5).
0
Let t(r) be the third derivative of 0 - 1/24*r**4 - 1/2*r**3 - 8*r**2 + 0*r. Calculate t(-4).
1
Let n = 9 + -6. Let q(w) = -w - 2. Let d be q(0). Let o be d*(n - 2) - -5. Let t(k) = -2*k + 3. What is t(o)?
-3
Suppose -5*o + 2*o = -12. Let q(l) be the first derivative of l**3/3 - 5*l**2/2 - l - 1. What is q(o)?
-5
Let a(p) = -p + 14. Let q be a(11). Let g be 1*3/(-6)*2. Let v(m) = -m + 5. Let u(i) = 1. Let r(z) = g*v(z) + 3*u(z). Determine r(q).
1
Let g(m) = m - 4. Suppose -3*p + 14 - 64 = -5*w, 11 = 3*w + 2*p. Determine g(w).
3
Let z(c) = c**2 + 6*c. Let i(j) = -2*j - 1. Let v(y) = -2*y - 1. Let k(d) = -6*i(d) + 5*v(d). Let u be k(1). Suppose -u - 22 = 5*n. What is z(n)?
-5
Suppose -31 + 21 = 5*y. Let w(j) = -2*j**2 - 4*j - 3. Give w(y).
-3
Let q(o) = 2 - 1 + o + 2. Let a be (2/(-2))/(10/40). Determine q(a).
-1
Let n(q) = q**2 + 3*q + 3. Suppose -2*s - 2 + 4 = 0. Suppose -11 = 5*h - s. Calculate n(h).
1
Let u(r) be the first derivative of -r**3/3 + 9*